 is divided by m.
15
Let b(k) = 13*k**2 + 165*k - 86. Calculate the remainder when b(-14) is divided by 8.
0
Let i be (-95 + 71)*2/4. Let b(c) = 2*c - 6. Calculate the remainder when 10/i*(-60)/5 is divided by b(6).
4
Suppose 26*u + 50 = 12*u + 15*u. What is the remainder when 443 is divided by u?
43
Let m(t) = -2*t**3 + 10*t**2 - 74*t - 519. What is the remainder when 5211 is divided by m(-8)?
0
What is the remainder when 792 is divided by (13 - 0) + (-11 - -61)?
36
Suppose -125 + 623 = 3*t. Suppose 0 = 35*a - 33*a - t. Calculate the remainder when a is divided by 24.
11
Suppose -7*b = -4*u - 208, -12*b - 5*u = -11*b - 52. Calculate the remainder when 109 is divided by b.
13
Let k(r) = -r**3 + 44*r**2 + 60*r - 311. Suppose 0 = -a + 5*a + 16, 4*x = -5*a + 72. What is the remainder when k(45) is divided by x?
19
Suppose 3*x + 229 = 4*y - 56, -5*x - 504 = 3*y. Let a(g) = 5*g**3 + 2*g**2 - g + 2. Let f be a(3). Let w = f + x. What is the remainder when w is divided by 8?
5
Suppose 5*r = j - 4056 + 550, j + 4*r = 3551. What is the remainder when j is divided by 55?
11
Let t(l) = l**2 + 9*l + 282. Let b = 21 - -3. What is the remainder when t(-20) is divided by b?
22
Let b = 2347 - 2217. Calculate the remainder when b is divided by 5.
0
Let m(g) = -30*g - 150. What is the remainder when m(-32) is divided by 14?
12
Let i(n) = -9*n + 37. Let h = -67 + 70. Let a be i(h). What is the remainder when 462/a - (-20)/25 is divided by 18?
11
Suppose -47*g - 11 = -48*g + q, -4*g = 3*q - 58. What is the remainder when 466 is divided by g?
11
Let i(x) = -2*x + 132*x**3 - 11 - 7*x**2 + 7*x - 131*x**3. Calculate the remainder when 61 is divided by i(7).
13
Suppose 1891 = 34*w - 4637. Calculate the remainder when w is divided by 32.
0
Suppose -r + 13 = -128. Let i be 4 - 2 - (8 + 5). Let s(o) = o**2 + 6*o - 31. What is the remainder when r is divided by s(i)?
21
Suppose -93*y + 97*y = 264. Calculate the remainder when 438 is divided by y.
42
Suppose -11*x = -17*x - 864. Calculate the remainder when (-1)/(20/8) - x/10 is divided by 1.
0
Suppose 71 = 3*q - 5*t, 0 = 2*q + 1719*t - 1717*t - 26. What is the remainder when 780 is divided by q?
15
Let t = 648 + -442. Suppose 3*m - t - 1609 = -3*x, -2*x = 3*m - 1212. Calculate the remainder when x is divided by 101.
98
Suppose -25688 = -152*c - 95*c. What is the remainder when c is divided by 26?
0
Let u = 3263 + -2937. Calculate the remainder when 678 is divided by u.
26
Suppose -20*q = -10*q - 160. What is the remainder when (6*4/(-4))/((-2)/q) is divided by 10/1*45/18?
23
Suppose -2172 = -3*o - 657. Let g = -486 + o. Suppose -157 = -3*x - 46. Calculate the remainder when x is divided by g.
18
Let r = 3 + -2. Let g = 100 + -87. What is the remainder when (-70)/(-2) + (1 - r) is divided by g?
9
Let g be (-1872)/132 - 2/(-11). Let o = g + 10. What is the remainder when o - 155/(-9 - -4) is divided by 6?
3
Let x be 10 - 4*(3 - 2). Suppose 0 = -4*j - x + 2, -3*j = m + 3. Suppose 3*a = -m*a - 3*k + 60, 4*a - 75 = -3*k. What is the remainder when 26 is divided by a?
11
Let q(m) = 211*m + 2897. What is the remainder when q(-10) is divided by 22?
17
Let o be 8/(1/2 + 0/(-11)). Let x(j) = -j**3 - 13*j**2 - 2*j + 19. Let a be x(-13). Calculate the remainder when (a/6)/(-2*(-4)/o) is divided by 8.
7
Suppose 140*v - 265356 = 21*v - 124*v. What is the remainder when v is divided by 46?
34
Suppose -441*b - 132 = -452*b. What is the remainder when 474 is divided by b?
6
Let z = 43 + -34. Suppose 8*q - 5*q = -z. Calculate the remainder when q*(-5)/15 - -35 is divided by 10.
6
Let x(d) = d**3 - d**2 + d + 75. Let p be 2/1 - (-197 - 0). Suppose 14*g = 179 + p. Calculate the remainder when x(0) is divided by g.
21
Suppose 0*j - 16 = -j. Let k(w) = -3*w**2 + w + 2. Let f(c) = 3*c**2 + 13*c - 46. Let o(d) = -f(d) - 2*k(d). What is the remainder when o(4) is divided by j?
14
Let c(f) = -f**3 + 8*f**2 + 20*f + 13. Let r be (-104)/(-10) - -2*7/(-35). What is the remainder when c(r) is divided by 7?
6
Suppose 0 = -z + 6 + 3. Suppose 2 = z*s + 20. What is the remainder when 41 is divided by 11 - (s + (-2 - 0) + 3)?
5
Suppose -408*k + 546 = -50862. Calculate the remainder when k is divided by 31.
2
Calculate the remainder when 3195 is divided by (21156/(-602))/((-2)/7 + 0).
120
Suppose b - 16 = -2*h, 0 = 3*h + h + 16. Calculate the remainder when 183 is divided by b.
15
Suppose 2277 = 85*z - 2995 - 933. What is the remainder when 269 is divided by z?
50
Let f(g) = -g**3 + 11*g**2 - 14*g + 6. What is the remainder when f(6) is divided by 57?
45
Let g = 68 - 35. Suppose -8 + 10 = k. Suppose -3 = -2*m + m, k*i - 197 = -m. What is the remainder when i is divided by g?
31
Suppose -4*z + 5*p + 56 = 0, -66*z + 2*p + 14 = -65*z. What is the remainder when 241 is divided by ((-14)/(-4))/(43/z - 3)?
45
Let h = -2327 + 2524. Calculate the remainder when 238 is divided by h.
41
What is the remainder when 115 is divided by ((-34)/(-187) + 42/11)/(20/570)?
1
Suppose 0 = -3*v + 6*v - 36. Suppose -110*d + 105*d + 43 = 3*l, -4*d + 64 = -5*l. Calculate the remainder when d is divided by (-8)/v + (-26)/(-3).
3
Calculate the remainder when 2650 is divided by ((-1386)/154)/(1/6)*-1.
4
Let k(n) = 2*n - 12. Let g be k(12). Suppose -15*p - 3*v + 399 = -g*p, 2*p - 238 = 5*v. Calculate the remainder when p is divided by ((-3)/6)/((-2)/104).
25
Suppose 3*w + 164 + 813 = 4*n, 0 = -w - 3*n - 317. Let k = -34 - w. Calculate the remainder when k is divided by 76.
61
Let j(o) = o**3 - 7*o**2 + 7*o - 6. Let t(h) = -h**2 + 8*h - 5. Let r be t(6). Let c be j(r). Let p = c + -28. Calculate the remainder when 44 is divided by p.
14
Suppose -x = 54*o - 51*o - 98, -3*x + 307 = -4*o. What is the remainder when 732 is divided by x?
25
Let c = -1386 + 1783. What is the remainder when 1199 is divided by c?
8
Let u be (-8)/(1/((-165)/(-3))). Let a = 263 + u. Let r = -78 - a. What is the remainder when r is divided by 34?
31
Calculate the remainder when 76 is divided by (-1 - (-15)/6) + (-5180)/(-280).
16
What is the remainder when -6*(-4)/8 + (1129 - -19) is divided by 16?
15
Suppose 0 = -3*a + 10 - 22, 2*w + 2*a = 928. Calculate the remainder when w is divided by 139.
51
Suppose -4*y - y = -4*k + 57, -4*k + 3*y = -47. Let b(n) = 23 + k*n + 32*n + 3*n**2 - 5 - n**2. What is the remainder when b(-20) is divided by 7?
4
Let i = 9735 + -9720. What is the remainder when 1093 is divided by i?
13
Suppose 12044*z - 12067*z = -1104. What is the remainder when 573 is divided by z?
45
Let w(y) be the second derivative of y**4/6 - 8*y**2 + y + 5. What is the remainder when 66 is divided by w(5)?
32
Suppose 64 = 197*w - 193*w. Calculate the remainder when (-8)/w*0/1 - -10 is divided by 4.
2
Let k = 38 - 39. Let i(x) = -3*x - 1. Let f be i(k). Suppose 3*j - 30 = -b + 26, -f*j - 3*b + 49 = 0. Calculate the remainder when j is divided by 9.
8
Suppose -4*t + 5*y = -666, 0 = t - 4*t + 5*y + 507. Calculate the remainder when 666 is divided by t.
30
Suppose -2*v - 2469*q + 2466*q = -1506, -v = 2*q - 750. What is the remainder when v is divided by 96?
90
Suppose 0 = -6*w + 84 + 18. Calculate the remainder when 67 - 1/((-2)/(-4)) is divided by w.
14
Calculate the remainder when 532 is divided by (-5885)/(-66) + (55/(-30))/11.
87
Suppose 5*m - 5*o - 3365 = 0, 23*o - 2024 = -3*m + 25*o. Calculate the remainder when m is divided by 113.
0
Suppose 60 = 2*a - 3*o + 4*o, 54 = 2*a - 2*o. Suppose -1255*f = -934*f - 2568. Calculate the remainder when a is divided by f.
5
Let g be 4/(-20) - (-464)/20. Suppose -4*p + g = -21. Suppose -72 = -p*q + 5*q. What is the remainder when q is divided by 3?
0
Suppose -r + 20 = -15. Calculate the remainder when 2554 is divided by r.
34
Suppose -4002 = 26*h - 18328. Let b = h + -519. What is the remainder when 43 is divided by b?
11
Suppose 2024*m - 1995*m - 203 = 0. What is the remainder when 243 is divided by m?
5
Let u = 9765 - 9583. What is the remainder when u is divided by 59?
5
Suppose 104*p - 5*y = 109*p - 115, -2*y + 4 = 0. Calculate the remainder when 1419 is divided by p.
12
Let z = -1343 + 188. What is the remainder when (-1)/8 - z/24 is divided by 16?
0
Let p = 263 - 241. Calculate the remainder when 29 is divided by p - (4 + -2)*-1.
5
Let y = -400 - -400. Let l(c) 